e units digit of w?
1
Suppose 3*p - h - 10 = 0, 0 = -2*p - p + 3*h + 12. Suppose p*n - 2*b - 19 = 0, -3*b - 2 - 29 = -5*n. Suppose q + n = 12. What is the units digit of q?
7
Let z = 21 - 15. Suppose -d - z = 4*b - 0, 2*b + 3*d = -8. What is the units digit of 1 - b - 1 - -8?
9
Let i = -3 + 5. Suppose -i = -2*d + 2. What is the units digit of d?
2
Let k(t) = -t**2 - 9*t - 10. Let w(v) = 3*v**2. Let n be w(1). Suppose 26 + 6 = -4*c + p, -n*p - 9 = 3*c. What is the units digit of k(c)?
4
Let g = -1 - -4. Suppose 2*d = g*d. Suppose d*f - 6 = -3*f. What is the units digit of f?
2
Let t(l) = 16*l. Let v be t(2). Let s = 71 - v. Suppose 4*y = 5*g - s, 32 = 2*g + 3*g + 3*y. What is the units digit of g?
7
Let a be (-3)/((-15)/4)*5. Let s = 0 - 3. Let z = a + s. What is the units digit of z?
1
Suppose 3*j = 8*j - 630. What is the hundreds digit of j?
1
Suppose -h = -5*a - 0*a - 2, 4*h = 5*a + 23. Let y = 10 - 6. Suppose 0 = -y*u - 2*q + 36, -2*u + 2*q - 43 = -h*u. What is the units digit of u?
7
Let o(i) be the third derivative of -11*i**4/12 + i**3/6 - 5*i**2. What is the units digit of o(-1)?
3
Let o(t) = -t**3 - 6*t**2 - t - 8. Let c be o(-6). Let y be -2 + c + (1 - -3). Suppose 2*q - 6 - 16 = y. What is the units digit of q?
1
What is the units digit of (-1)/3*3 - -152?
1
Let k(p) = p + 2. Let w = 10 + -5. What is the units digit of k(w)?
7
What is the tens digit of 2*33 + (-16 - -14)?
6
Let j be 4/(-6)*21/14. What is the units digit of (j - -8 - 3) + -3?
1
Let m(y) = -y**3 + 15*y**2 + 17*y - 4. What is the units digit of m(16)?
2
Let y(a) = -5*a**2 - a**2 - a**3 - 8 - a - 4*a**2. Let j be y(-10). Suppose 0 = j*p - p - 16. What is the units digit of p?
6
Let k = 13 + -4. Suppose 3*m + 20 = -5*l, 0 = -5*m - 2*l - k + 1. Suppose m = d - 3 - 4. What is the units digit of d?
7
What is the units digit of ((-22491)/(-35))/9 - 4/10?
1
What is the units digit of 14/4*306/3?
7
Let k(g) = g**2 + 5*g + 2. Let p(l) = l + l**3 - 2 - 3*l**2 - 2*l - 1. Let x be p(3). What is the units digit of k(x)?
8
Let i be -3 + 1/1 - 2. What is the units digit of 15 - (-3 - (i + -2))?
2
Suppose 2*f - 2*b = 4, f = 3*b - 2 - 0. Suppose f*z + z = 30. What is the units digit of z?
6
Suppose -j - 63 - 42 = 0. What is the units digit of j/45*(1 - 16)?
5
Let s = 20 + -16. Suppose k + s = 0, -3*k + 11 - 108 = -5*l. What is the units digit of l?
7
Let h = -20 + 28. Suppose -7*g + 61 = -9. Suppose 3*y = g + h. What is the units digit of y?
6
Suppose 58 = 5*y - 2. What is the units digit of y/(-4)*40/(-6)?
0
Let d(u) = -u**3 - u**2 + 2*u + 2. Let h be 16/(-5) - 1/(-5). Let q be d(h). Suppose -q - 2 = -2*v. What is the units digit of v?
8
Let g(u) = -u**3 + 8*u**2 + 10*u - 12. Let q be g(9). What is the units digit of q - -44 - -1 - -3?
5
Suppose 14 = 3*x - 4*g, -3*x + 46 = 5*g - g. What is the tens digit of (8 - -20)*x/8?
3
Suppose -30 = 2*d - 112. What is the units digit of d?
1
Let d be 3 + -6 + 5 + -1. What is the units digit of d*11 - (-3 - -2)?
2
Let r(g) = -g**3 + 4*g**2 + g - 2. Let o be r(4). Suppose -2*v - o*v = -4. Suppose 4*b - 13 = -2*j + v, -4*b = -4*j + 4. What is the units digit of b?
2
Let h = 7 + 0. Suppose -h = k - 33. Suppose l + 32 = 5*g, 3*g - 4*l = -0*l + k. What is the units digit of g?
6
Let f be 2/(5/((-25)/(-2))). Suppose 2*s + 92 = 3*h, 5*h + 2*s - f*s = 154. What is the tens digit of h?
3
Let d(b) = -3*b**3 + b**2 - 2*b + 1. Let q(n) = -15*n**3 + 6*n**2 - 10*n + 6. Let a(x) = 11*d(x) - 2*q(x). What is the tens digit of a(-2)?
2
Let v = 1 - 6. Let p(n) = n**3 + 6*n**2 + 4*n - 5. Let j be p(v). Suppose -6*l + 4*l + 30 = j. What is the tens digit of l?
1
Suppose -2*h - 2*h = -96. What is the units digit of h?
4
Suppose y - 5*q + 5 = 0, -q - 18 = -5*y + 5. Suppose a - 16 = -5*p, 0 = -y*a + p + 21 + 33. What is the units digit of a?
1
Suppose -2*q = -4*r - 6, -4*q + 2*r = -2*r - 16. Let d be 93/15 + (-1)/q. Let o(z) = -z + 13. What is the units digit of o(d)?
7
Let y(i) = -i**2 - i - 5. Let q be y(0). Let x = q - -29. What is the units digit of x?
4
Let s be (-2 + 3 + 0)*1. What is the units digit of (s/2)/(1/2)?
1
Suppose 5*i + n - 77 = 0, -i - 2*n + 18 = 8. Let k = i - 25. Let p = 2 - k. What is the units digit of p?
1
Let u(n) = -11*n**2 - 24. Let l be u(-10). What is the tens digit of 2/(-10) - l/20?
5
Let a(w) = w**3 - 7*w**2 + 5*w - 4. Let p be a(6). What is the units digit of 31 + -1 + (-8 - p)?
2
Suppose 4*q + 6 = 30. Suppose -3*k + 0*k = 3*c + q, 0 = 5*c - 2*k - 25. Suppose -2*f + 0*f + o + 20 = 0, -c*f = -5*o - 37. What is the units digit of f?
9
Suppose 0 = 3*h - 5*h. Suppose h = -p + 3 + 4. Suppose p*i - 2*i - 15 = 0. What is the units digit of i?
3
Let n be (-4)/(-10)*5 - -33. What is the units digit of (-6)/5*(0 - n)?
2
Suppose -3*n + 5*t + 3 = -10, -5*n = -t - 29. Suppose g - 5 = n*g. Let d(v) = -6*v. What is the units digit of d(g)?
6
Let p(v) = v**2 + 4*v - 3. Let d be p(-5). What is the units digit of (d - 1/(-1)) + 0?
3
Let u(s) = -2*s - 11*s + 4*s + 3*s - 4. What is the units digit of u(-5)?
6
Suppose 0 = -5*n + 5*l, 0*l = -5*n + 2*l + 12. Let y(k) = 6*k - 1. Let q be y(n). Suppose -z - z - 5*m = q, -12 = 3*z + 3*m. What is the units digit of z?
1
Suppose 443 = 4*a - 3*m, -2*a - 5*m = -3*a + 132. What is the tens digit of a?
0
Let c be (-63)/(-18) - (-2)/4. Suppose -3*o - 40 = -2*s, 0*s - c*o + 120 = 4*s. What is the tens digit of s?
2
Suppose 2*p - 112 + 6 = 0. What is the units digit of p?
3
Let f be (10/(-5))/(6/(-27)). Let c = f - 0. What is the units digit of c?
9
Suppose -5*t + 2*i + 232 = 0, 0 = -t - 0*i - i + 45. What is the tens digit of t?
4
Let a = 168 + -95. Let z = -42 + a. What is the units digit of z?
1
Suppose 0 = k - 0 + 4. Let x(q) = q - 2. Let v be x(4). What is the units digit of v/3*(-18)/k?
3
Suppose 0 = 5*n - 295 + 45. What is the tens digit of n?
5
Let q = -4 + 6. Suppose -6 = -2*m + q. Suppose -m = -t - 2*w, 4*t - 2*w - 33 = 13. What is the tens digit of t?
1
Suppose -5*u + 0*u + 30 = 3*p, 2*p = 5*u - 30. Let m = 13 - u. What is the units digit of m?
7
Let v(d) = 23*d + 3. Suppose -3*k - 3*i = 2 - 5, 3*i = -2*k + 1. What is the units digit of v(k)?
9
Suppose 5*v - b + 2 = 3, -3 = 3*b. Suppose v = 3*r - 0*r - 9. What is the units digit of r?
3
Let w = 21 - -85. What is the units digit of w?
6
Let j = -81 - -56. Let t = -35 - j. Let w = t + 15. What is the units digit of w?
5
Suppose -g = -t - 3*t + 1307, 1313 = 4*t - 3*g. What is the units digit of t?
6
Suppose -2*v - 2583 = -9*v. What is the tens digit of v?
6
Suppose 4*n + 5*z = 150, 2*n - 7*n - 5*z = -190. What is the tens digit of n?
4
Suppose -3*m - 3*k = -15, -m + 2*k + 2*k = 0. Suppose -3*s + 3*r - 2*r + 58 = 0, -4*s + m*r = -72. What is the units digit of s?
0
Let j = 4 - -5. Suppose -4*f + 27 + j = 0. Let c(l) = -l**2 + 9*l + 1. What is the units digit of c(f)?
1
What is the tens digit of (-8 + 2)/((-22)/77)?
2
Suppose -f - 4*t - 86 = -3*f, -4*f + 2*t + 148 = 0. What is the tens digit of f?
3
Let x(h) = 2*h - 1. Let m be x(-5). Let c = -9 - m. What is the units digit of c?
2
Let m(q) = 3*q - 8. What is the tens digit of m(9)?
1
Let d = 51 - -38. What is the units digit of d?
9
Suppose 5*r - 3*r - 21 = 5*t, -5*t - 6 = 3*r. Suppose 0*u + r*n = 2*u - 21, 5*u - 2*n = 80. What is the tens digit of u?
1
Let r(w) = 5*w**2 - 3*w - 2. Let l be r(-2). Suppose 0*t = t - l. What is the tens digit of t?
2
Let x = -111 - -208. What is the units digit of x?
7
Suppose 2*t + 23 = 7. Let s(q) = q**3 + 6*q**2 + 11*q. Let x be s(t). What is the units digit of x/(-28) - 2/(-7)?
8
Let t(b) = -2*b**3 - 4*b**2 - 2*b + 1. What is the tens digit of t(-3)?
2
Suppose -3*a - 4 + 211 = 0. What is the units digit of a?
9
What is the tens digit of (-2 - -71)*(2 + -2 + 1)?
6
Let k(j) = -8*j + 0*j**2 - 7 + j**2 + j**2. Let z be k(7). Suppose 5*f + 3*a = 10 - 0, -2*a - z = -5*f. What is the units digit of f?
5
Let c(v) = -8*v**2 - 4*v - 3. Let w be c(-2). Let f = 41 + w. What is the tens digit of f?
1
Let g(t) = -2*t**3 - t - 1. Let p be g(-1). Let v(f) = f**2 - 2*f + 3. Let m be v(p). Let s(c) = c**2 - 2*c + 2. What is the units digit of s(m)?
5
Suppose 3*o - 715 = -5*p, p = -6 + 2. What is the units digit of o?
5
Suppose -4*g = 3 + 1. Let k be g*(-3)/3 + 0. Let t(q) = 12*q**3 + 1. What is